 What is the remainder when y(u) is divided by 13?
12
Let q = 4722 + 891. What is the remainder when q is divided by 41?
37
Let v(f) = f - 8. Suppose -2*q - 2*p + p = -91, -2*q + 3*p = -79. What is the remainder when (0 - -7)/(2 - 84/q) is divided by v(24)?
13
Let o(h) = -h**3 - 5*h**2 - h + 19. Let j be o(-3). Suppose -2*n = -2*g - 82, -148 = -3*n - j*g - 4. What is the remainder when 175 is divided by n?
43
Let h = 97 + 26. Let o = h - 95. What is the remainder when 53 is divided by o?
25
Let w(d) = -465*d - 4081. Calculate the remainder when 2079 is divided by w(-9).
103
Suppose 207 = -96*d + 5679. What is the remainder when 1533 is divided by d?
51
Let c(a) = -a**2 - 135*a - 1538. Calculate the remainder when 4890 is divided by c(-13).
42
Suppose -3*z + 3*p = -99, 3*p - 4*p = 4*z - 107. Suppose -34 = -2*a + z. Let v(l) = l**2 + 31*l + 158. What is the remainder when a is divided by v(-6)?
7
Suppose -44 = -15*r + 11*r. Suppose -r*t + 2*t + 612 = 0. Calculate the remainder when 198 is divided by t.
62
Let d(x) = 6*x**3 - x**2 + 4*x - 4. Calculate the remainder when d(2) is divided by 1/(1057/175 + -6).
23
Let w(t) = -t**3 + 21*t**2 - 4*t + 134. Let b be w(21). Let g = b - -3. Calculate the remainder when 1*6*632/12 is divided by g.
51
Suppose 0 = -36*o + 11*o - 224 + 2699. What is the remainder when 693 is divided by o?
0
Suppose -3*u + 356 = -2*y, 76*y = u + 81*y - 113. Calculate the remainder when 307 is divided by u.
71
Suppose -2*d + 66*d = -6*d + 3500. Suppose -4*g = -25 - 59. Calculate the remainder when d is divided by g.
8
Suppose 0 = -h - h + 40. Let r be (-2 - (-10 - -11)) + (3 - -2). Suppose 32 = r*a - h. What is the remainder when 51 is divided by a?
25
Let h(o) = -21*o**3 - o**2 + 1. Let q be h(-1). Suppose -4*g - 34 = -2*r, -q = -3*r + 3*g + 30. What is the remainder when 4/18 - 896/(-18) is divided by r?
16
Let w = 49 - 122. Suppose -11*t - 14 = -k - 13*t, 2*t + 96 = 4*k. Let a = k - w. What is the remainder when a is divided by 48?
47
Suppose -34 = -5*w + 101. Suppose 0 = -3*h + 6, -h = 2*g - 57 - w. What is the remainder when 150 is divided by g?
27
Let r = 172 - 158. Suppose -r*u - 864 = -23*u. Calculate the remainder when u is divided by 33.
30
Suppose 5*y = -3*v - v + 32, -2*y - 1 = -3*v. Suppose 0 = v*c + 3*c + 1260. Let a = -137 - c. Calculate the remainder when a is divided by 19.
16
Let p = -1327 + 1982. Let j = 683 - p. Calculate the remainder when 670 is divided by j.
26
Calculate the remainder when 45 is divided by 13*((-1)/(-4))/(44/176).
6
Let h be 68/(-3)*6*9/(-12). Suppose -100*k - 8 = -h*k. Calculate the remainder when 47 is divided by (2 - (-7)/(-4)) + 95/k.
23
Let h be 60/90*(-30)/2. Calculate the remainder when 41 is divided by 652/28 - h/(-35).
18
Let u = -165 - -62. Let c = u + 155. Calculate the remainder when c is divided by 7.
3
Suppose -4*c + g + 570 = -g, -c + g = -141. Suppose 30*i - 27*i = c. What is the remainder when 92 is divided by i?
44
Calculate the remainder when 2/(-12) - 20626905/(-2502) is divided by 17.
16
What is the remainder when 22/(-12) + 2 + (-321645)/(-738) is divided by 55?
51
What is the remainder when 720 is divided by (832/(-6))/16*-6?
44
Let h = -88 - -276. Let p = 243 - h. What is the remainder when 212 is divided by p?
47
Calculate the remainder when 8 - (-3 - (1798/14 - 116/(-203))) is divided by 11.
8
Let q = 35 + -31. Suppose 23 = 2*v + 17. Suppose 2*x + 695 = q*r - 75, -v*x - 963 = -5*r. Calculate the remainder when r is divided by 39.
36
Suppose -12*y - 4233 = 5*y. Let q = 296 + y. What is the remainder when q is divided by 15?
2
Suppose -31*s - 7*s - 1026 = 0. Let w(p) = p**3 - 5*p**2 - 2*p + 2. Let f be w(3). Let c = f - s. What is the remainder when 6 is divided by c?
1
Let w = -7317 + 7334. What is the remainder when 4960 is divided by w?
13
Let l(o) = 1210*o - 5. What is the remainder when l(1) is divided by 81?
71
Suppose 168*z - 31*z = 225913. What is the remainder when z is divided by 30?
29
Suppose 5*t - 86 = -746. Let w = 148 + t. What is the remainder when 93 is divided by w?
13
Suppose -15*o = -3158 + 2258. Calculate the remainder when 825 is divided by o.
45
Suppose -123 = 6*z - z + 4*n, -z - 3*n - 29 = 0. Let v = -24 - z. Calculate the remainder when 30 is divided by ((-11)/5 - v)*(-2 + -8).
6
Let y be ((-7)/(7/2))/(-2). What is the remainder when 250 is divided by ((y - 13) + 8)*(1 - 4)?
10
Suppose 57*r - 1258 - 12551 = 17313. What is the remainder when r is divided by 67?
10
Let u(d) = 10*d**2 + d. Let s = 1 + 0. Suppose 27*p - 66 = -h + 29*p, -4*h - 2*p + 254 = 0. Calculate the remainder when h is divided by u(s).
9
Let y = 654 + -631. What is the remainder when 341 is divided by y?
19
Let a(f) = -10*f - 38. Let l = -107 + 99. Calculate the remainder when 250 is divided by a(l).
40
Let b(q) = -25*q - 319. Calculate the remainder when b(-47) is divided by 72.
64
Let c = -58082 + 58114. Let z(y) = y**3 + 9*y**2 + 4*y + 6. What is the remainder when z(-6) is divided by c?
26
Let g(p) = 5 - 1 + 3*p + p**3 - 2 - 3 - 7*p**2. Suppose m - 30 = -4*q, 8*q - 10*q + 6 = 0. What is the remainder when g(8) is divided by m?
15
Let f = 13827 - 13794. Let w = -7 + 86. Calculate the remainder when w is divided by f.
13
Suppose -8*h + 9 = -5*h, 0 = -5*m - 4*h + 82. Suppose -4*k - m = -l - 86, -l - 91 = -5*k. Calculate the remainder when 301 is divided by k.
16
Let d = -8269 + 8623. What is the remainder when d is divided by 118?
0
Suppose 0 = d - 2*p - 178, -d + 59*p - 55*p = -188. What is the remainder when d is divided by 43?
39
Suppose -2*t - 5 = -4*n + 7, 5*t + 4*n = 40. Suppose -t*p - l - 3 + 62 = 0, 0 = -2*p - 4*l + 40. What is the remainder when 55 is divided by p?
13
Let d(l) = -2*l**2 + 165*l - 3260. Suppose -2*f = -5*f + 441. What is the remainder when f is divided by d(34)?
33
Suppose -702 = -644*a + 635*a. Calculate the remainder when 806 is divided by a.
26
Suppose 0 = -m + 6*o - 2*o - 11, -4*m + 4*o + 4 = 0. Let q = 2 + 0. Calculate the remainder when (-2 - (q + -4)) + 43 is divided by m.
3
Let m = 7098 + -7079. Calculate the remainder when m is divided by 10.
9
Suppose 3*s - 2*p = -0*p - 81, -s + 4*p = 37. Let m be 4*(-2 - s/20). Calculate the remainder when 41 is divided by (-7)/((-5)/(-45)*m).
20
Suppose -15*r = -14*r + 4*u - 395, 3*r = -u + 1207. What is the remainder when r is divided by 255?
148
Let q = -11704 + 11752. What is the remainder when 805 is divided by q?
37
Suppose 5*i = 14 + 11. Suppose -675 = 3*o - 1821. Suppose 0 = 4*w - i*z - 720, -w + 3*w - o = -3*z. What is the remainder when w is divided by 63?
59
Let a(f) = 7*f - 2. Let t be ((-6)/(-9))/(2 + 196/(-99)). What is the remainder when a(5) is divided by ((-407)/t + 8)*-3?
7
Suppose 14*l + 0*l - 126 = 0. Suppose 42 = l*z - 6*z. What is the remainder when z is divided by 9?
5
Suppose -24*p + 140 + 501 = 113. What is the remainder when 28 is divided by p?
6
What is the remainder when (-370)/(-6)*(-216)/(-120) is divided by 9?
3
Calculate the remainder when 247 is divided by (-11 + 14)/(-1 - -39*12/441).
2
What is the remainder when -3*(-110)/33 + 67 is divided by 76?
1
Let x(g) = 12*g**2 + 264*g + 270. Suppose d - 4*a = 18, -d - 1 = a - 9. Suppose -2*w = -w - d. Calculate the remainder when x(-21) is divided by w.
8
Let o = -12675 - -12726. What is the remainder when 461 is divided by o?
2
Suppose 122*d = 5976 - 730. Let t(z) = z**3 - 3*z**2 - 3*z - 4. Calculate the remainder when t(7) is divided by d.
42
Suppose 3*h = -3*n + 24, 5*h + 4*n = 16 + 21. Suppose -268 = -4*o - 4*g, -79 = -6*o + h*o - 5*g. What is the remainder when o is divided by 5?
4
Suppose -5*h - 3 = 3*f - 0*f, -h = 5*f - 17. Let m(b) = -4*b + 25. Calculate the remainder when 240 is divided by m(f).
6
Let w = 275 - 124. Let t = -132 + w. Let r(j) = 4*j**3 + 3*j**2 - 2*j + 2. Calculate the remainder when r(3) is divided by t.
17
Let h(f) = -f**2 + 23*f - 76. Calculate the remainder when 608 is divided by h(18).
6
Let f be (-4)/(-12) + (-578)/6. Let q = 268 + f. Let w(r) = -19*r**2 + 471*r - 331. What is the remainder when q is divided by w(24)?
27
Let v(f) = -f**3 + 370*f - 151. Let g(z) = -33*z**3 - 2*z**2 + 2. What is the remainder when g(-2) is divided by v(19)?
18
Let k(p) = 3*p**2 - 161*p - 156. What is the remaind